Let h be c(0). Suppose 0 = -t + h + 129. List the prime factors of t.
5, 31
Let b be (7090/6)/(9/27). Suppose b = 10*k + 1205. What are the prime factors of k?
2, 3, 13
Let w = -34 - -29. Let t(j) = j**2 - 15*j + 2. Let q be t(w). Let b = q - 48. List the prime factors of b.
2, 3
Let i be (4 - 5)*5/(-30)*-6. What are the prime factors of (-82)/3*i*(-231)/(-22)?
7, 41
Suppose -245*l + 1067594 - 832165 = -2525476. List the prime factors of l.
59, 191
Let t(l) = -1248*l - 248. Let k be t(-18). What are the prime factors of -3*k/(-104) + 4/26?
641
Let t be 3*-2*9/(-6). Let a = t - 3. Suppose 5*y - a*y + 85 = -d, -4*y + 347 = 3*d. List the prime factors of y.
2, 43
Suppose -8*r = 5*f - 11*r - 40687, -2*r - 8 = 0. What are the prime factors of f?
5, 1627
Suppose 4*q = -1420 + 1224. Let g(b) = b**3 + 52*b**2 + 141*b - 101. List the prime factors of g(q).
193
Suppose 2*b - 43 = -35. Suppose 0*p + p - 16 = -5*c, -2 = -2*c + b*p. Suppose q - y = 290, 0 = -c*q - q - 3*y + 1153. What are the prime factors of q?
17
Let j(p) = 20*p**2 - 14*p + 47. Let q(z) = 7*z**2 - 5*z + 16. Let k(t) = 6*j(t) - 17*q(t). Let g be (-1 - 2) + 2 + -2. What are the prime factors of k(g)?
2
Let f be 1/5 + 12240/(-75). Let m be (2 - f)/((2 + -3)*-1). What are the prime factors of 22/m + 5079/45?
113
Let s(c) = -c**3 - 5*c**2 - 19*c + 1. Let g(t) = t**2 + 11*t + 20. Let m be g(-5). What are the prime factors of s(m)?
691
Suppose 4*q + 56 = -4*p, 0 = 3*p + q - 2 + 52. What are the prime factors of (-58 + 1)*96/p?
2, 19
Suppose 3*q + 11 = -7*y + 6*y, -9 = 3*y - 3*q. Let o(z) = -61*z - 22. What are the prime factors of o(y)?
283
Let l = -306 + 334. What are the prime factors of (-7656)/(-56) + 8/l?
137
Suppose -14*c - 83792 = 29*c - 645716. What are the prime factors of c?
2, 3, 11
Suppose 14304 = 4*s + 608. Suppose -3*f = 2*i - 1713, -4*f + s = 3*i + i. What are the prime factors of i?
3, 5, 19
Let n(o) = o**2 - 16*o + 32. Let y be n(13). Let l be (y/3)/(18/(-162)). Let u = 90 - l. List the prime factors of u.
3, 23
List the prime factors of -1*(-27)/(-9) + -1 + (-1 - -860).
3, 5, 19
Suppose -9*b = -4*b - 25, 0 = d - b. Suppose o - 2*x + 13 + 1 = 0, 4*o + 4 = -d*x. List the prime factors of (1108/o)/(-3 + (-63)/(-27)).
277
Suppose 9*s = 3*r - 274 - 1151, 0 = -r - 4*s + 489. List the prime factors of r.
13, 37
Let d(u) be the second derivative of -u**4/12 - 11*u**3/3 - 5*u**2/2 + 2*u. Let o = -1049 + 1037. List the prime factors of d(o).
5, 23
Suppose 13*x + 1972329 = 83*x - 111641. What are the prime factors of x?
7, 4253
Suppose 4*w = -2*v - 196, v + 4*w = 6*v + 448. List the prime factors of (930/(-120))/(1/v).
23, 31
Let r = -88 + 92. Suppose -35 + 7 = -r*v. What are the prime factors of v?
7
Let c(n) = -8*n**3 + 11*n**2 + 13*n - 271. What are the prime factors of c(-16)?
5, 7, 17, 59
Suppose 60154 = t - b, -3*b + 77198 = 3*t - 103240. What are the prime factors of t?
2, 3, 5, 401
Let k(w) = -3*w**3 + 2*w**2 - 6*w**3 + 2*w + 0*w**2. Suppose 10*a + 19 = 3*q + 15*a, 2*q = a - 9. What are the prime factors of k(q)?
2, 19
Let r(d) = -10*d + 10. Let j be r(2). Let l = 36 - j. Suppose 5*a - 36 = -3*i, 5*i - l = 4*a + 14. List the prime factors of i.
2, 3
Let a(g) = -g**2 - g + 12. Let l be a(-4). Suppose l = 5*i + i. Suppose i = -10*x + 9*x + 16. List the prime factors of x.
2
Let h be (32/(-6) + 4)*(-27)/(-6). Let o be ((-112)/(-3))/((-2)/h). Suppose 14*f + o = 16*f. What are the prime factors of f?
2, 7
Suppose 1686647 + 1727767 = 227*g - 2750679. What are the prime factors of g?
3, 11, 823
Let x(i) = 128*i - 377. List the prime factors of x(67).
3, 911
Suppose -113*b + 8 = -111*b. Suppose 3*u + 1321 = 3*s - 1631, b*s + u - 3946 = 0. List the prime factors of s.
2, 17, 29
Let l be 1/(0 - -1) + 14/7. Let v be (-46)/(-16) + (l/(-24))/(-1). Suppose -v*p + 49 = -68. What are the prime factors of p?
3, 13
Let k be (-5 - -5)*1/(-2)*-1. Suppose x - 6 + k = 0. Suppose p - 128 = 3*u, p - x*p + 716 = 4*u. What are the prime factors of p?
2, 5, 7
Let b = 64321 + -23030. List the prime factors of b.
157, 263
Suppose -4*j = j + 5*a + 1425, -3*j - 855 = -5*a. Let u be j/(-3) + 1 + -1. Suppose -3*g + u = 5*l + 19, l = 2. List the prime factors of g.
2, 11
Let i = 2372 + 13922. List the prime factors of i.
2, 8147
Let z = -4277 - -4321. List the prime factors of z.
2, 11
Suppose 4*l = -3*o + 64968 - 21629, -72293 = -5*o + l. List the prime factors of o.
3, 61, 79
Suppose -12*m + 7*m - 1040 = 0. Let j(i) = 391*i - 1. Let v be j(1). Let t = m + v. List the prime factors of t.
2, 7, 13
Let z(u) = -u**3 + 4*u**2 - 4*u. Let k be z(2). Suppose k = -5*d + 313 + 507. List the prime factors of d.
2, 41
Suppose -21*f = -25*f + 20. Suppose -3 = -3*g - 4*y - 13, f*g + 10 = -5*y. Suppose -2*b - 2 = -b + 2*u, 26 = 2*b - g*u. What are the prime factors of b?
2
Let u(f) = -7*f - 160. Let l = 202 - 234. What are the prime factors of u(l)?
2
Let i(h) = -180*h - 20. Let s be i(-2). List the prime factors of (-34*s/(-8))/1.
5, 17
Let l = -467 - -755. Suppose 3*q = -2*q + 2*b - 734, -3*q + 3*b = 435. Let a = q + l. What are the prime factors of a?
2, 5, 7
Let n = -338 - -475. Suppose 0 = 4*v - 4*y - 32, -5*y + 20 - 52 = -v. Suppose 2*t + 304 = 4*t - v*a, 4*a = t - n. What are the prime factors of t?
157
Let p be 7/((-14)/20) + -6. What are the prime factors of (-7 - -13 - -1134) + p/(-4)?
2, 11, 13
Suppose 37*c - 279515 = 33*c - o, -2*c = 2*o - 139762. What are the prime factors of c?
2, 34939
Let m(l) = -538*l + 3429. List the prime factors of m(-59).
35171
Suppose 34083 = -4*k + 29*k - 5967. What are the prime factors of k?
2, 3, 89
List the prime factors of 22242 - ((-72)/40)/((-2)/(-10)).
3, 7417
Suppose 12028 = -26*p + 171096. What are the prime factors of p?
2, 7, 19, 23
Suppose -64*b = -49*b - 344*b + 28173586. List the prime factors of b.
2, 47, 911
Suppose w - 88 = -5*k + 542, 0 = w - 5. Suppose 21*s + 3*y = 22*s - k, -137 = -s - y. What are the prime factors of s?
2, 67
Let p = 38 - 42. List the prime factors of (-81)/3*p/(36/57).
3, 19
Let g(q) = -8*q - 121. Let f be g(-17). Suppose -9*p + 15456 = f*p. What are the prime factors of p?
2, 7, 23
Suppose -5*n + 5*q = -4955, -4*n - q = 344 - 4333. Let i = n + -703. List the prime factors of i.
293
Let v = 4051 - -2288. List the prime factors of v.
3, 2113
Let b be (-6 - -1) + (2 + 47)*3. Suppose -2*z + 4*l = -20, -2*z = 2*z - l - 12. Suppose 4*w = -3*y + 79, -3*y + b - 51 = -z*w. List the prime factors of y.
29
Let j(d) be the first derivative of d**2 + 16*d + 12. Let h be j(-8). Suppose -5*o = 3*i - 394, -3*o + h*i = 5*i - 246. What are the prime factors of o?
7, 11
Suppose 32*s + 95 = 33*s. Suppose 4*y - 17 = -3*h + s, -4*y - 140 = -4*h. Suppose l + 5*l - h = 0. List the prime factors of l.
2, 3
Let o be (10/(-15))/((2/(-9))/(-2)). Let p be 1/3 - (1 + 4/o). Suppose p = -0*f + 3*f + 4*a - 365, 2*a = 3*f - 335. What are the prime factors of f?
5, 23
Let j(i) = 425*i**2 - 142*i - 94. What are the prime factors of j(-7)?
5, 11, 79
Let o(u) = -5*u + 50. Let g(s) = 1. Let c(y) = -2*g(y) + o(y). What are the prime factors of c(-12)?
2, 3
Let x = 212738 - 147569. List the prime factors of x.
3, 13, 557
Let i = 44130 - 2693. List the prime factors of i.
11, 3767
Suppose 2*k - 4*b = -63 + 271, -3*b = 4*k - 460. Suppose -2*r + r + k = 5*w, -346 = -3*r - 5*w. What are the prime factors of r?
3, 13
List the prime factors of 4*(-4)/32 + (-4055)/(-20)*18.
41, 89
Let x = -151 - -116. What are the prime factors of 374/(x/(-42) - (-3)/18)?
2, 11, 17
Suppose 2*r + 1 = -3, 4*r - 42 = -q. Suppose 0 = -7*f + q - 15. Suppose -128 = -3*m - f*m. What are the prime factors of m?
2
Let x(f) = 18*f**3 + 2*f - 1. Let k be (-6 - -7) + 1/(4 - 3). List the prime factors of x(k).
3, 7
Let x be 4 - (2 + -1)*0*-1. Suppose -h - 5*n + 853 = -10*n, 2*h - x*n = 1724. List the prime factors of h.
2, 7, 31
Let z = -157 - -45. Let u = z + 139. What are the prime factors of u?
3
What are the prime factors of 24016/(-395)*(-9*1 + -1)?
2, 19
Let s = -750 + 377. Let v = s + 1413. List the prime factors of v.
2, 5, 13
List the prime factors of 492827/(-118)*(-2 - 0).
8353
Let f(k) = 3*k - 33. Let z be f(-7). Let y = z - -59. Suppose -o + 4*t + 49 = 0, -y*t + 6 = 31. What are the prime factors of o?
29